 by 9.
6
What is the remainder when 107 is divided by 96?
11
Calculate the remainder when 82 is divided by 18.
10
What is the remainder when 8008 is divided by 104?
0
Calculate the remainder when 462 is divided by 116.
114
What is the remainder when 46 is divided by 24?
22
Calculate the remainder when 433 is divided by 146.
141
What is the remainder when 61 is divided by 18?
7
Calculate the remainder when 403 is divided by 132.
7
Calculate the remainder when 82 is divided by 10.
2
What is the remainder when 347 is divided by 14?
11
What is the remainder when 262 is divided by 125?
12
What is the remainder when 65 is divided by 20?
5
Calculate the remainder when 49 is divided by 23.
3
What is the remainder when 1227 is divided by 407?
6
What is the remainder when 540 is divided by 21?
15
Calculate the remainder when 1795 is divided by 29.
26
What is the remainder when 2935 is divided by 2918?
17
What is the remainder when 233 is divided by 114?
5
What is the remainder when 60 is divided by 28?
4
What is the remainder when 256 is divided by 54?
40
Calculate the remainder when 505 is divided by 16.
9
Calculate the remainder when 122 is divided by 39.
5
Calculate the remainder when 222 is divided by 14.
12
Calculate the remainder when 621 is divided by 65.
36
What is the remainder when 417 is divided by 21?
18
What is the remainder when 2664 is divided by 72?
0
Calculate the remainder when 460 is divided by 11.
9
Calculate the remainder when 138 is divided by 38.
24
Calculate the remainder when 181 is divided by 48.
37
What is the remainder when 284 is divided by 39?
11
Calculate the remainder when 21 is divided by 11.
10
What is the remainder when 58 is divided by 7?
2
What is the remainder when 12729 is divided by 17?
13
What is the remainder when 408 is divided by 80?
8
Calculate the remainder when 156 is divided by 4.
0
What is the remainder when 470 is divided by 154?
8
Calculate the remainder when 41 is divided by 24.
17
What is the remainder when 6664 is divided by 833?
0
What is the remainder when 386 is divided by 30?
26
Calculate the remainder when 277 is divided by 14.
11
What is the remainder when 114 is divided by 27?
6
What is the remainder when 785 is divided by 53?
43
What is the remainder when 132 is divided by 27?
24
What is the remainder when 6 is divided by 1?
0
Calculate the remainder when 175 is divided by 1.
0
What is the remainder when 21515 is divided by 33?
32
What is the remainder when 297 is divided by 64?
41
What is the remainder when 205 is divided by 63?
16
What is the remainder when 86 is divided by 22?
20
Calculate the remainder when 268 is divided by 68.
64
What is the remainder when 73 is divided by 46?
27
What is the remainder when 422 is divided by 71?
67
Calculate the remainder when 107 is divided by 38.
31
Calculate the remainder when 605 is divided by 89.
71
What is the remainder when 2613 is divided by 11?
6
What is the remainder when 217 is divided by 22?
19
What is the remainder when 121 is divided by 84?
37
What is the remainder when 84 is divided by 44?
40
Calculate the remainder when 297 is divided by 105.
87
Calculate the remainder when 7949 is divided by 14.
11
What is the remainder when 2019 is divided by 10?
9
What is the remainder when 129 is divided by 51?
27
What is the remainder when 93 is divided by 19?
17
What is the remainder when 506 is divided by 168?
2
Calculate the remainder when 7241 is divided by 51.
50
What is the remainder when 209 is divided by 196?
13
Calculate the remainder when 11438 is divided by 80.
78
What is the remainder when 152 is divided by 18?
8
Calculate the remainder when 72 is divided by 50.
22
Calculate the remainder when 172 is divided by 26.
16
Calculate the remainder when 2192 is divided by 25.
17
Calculate the remainder when 1967 is divided by 47.
40
Calculate the remainder when 12532 is divided by 115.
112
What is the remainder when 94 is divided by 19?
18
What is the remainder when 690 is divided by 77?
74
What is the remainder when 516 is divided by 52?
48
Calculate the remainder when 769 is divided by 7.
6
What is the remainder when 814 is divided by 54?
4
What is the remainder when 803 is divided by 267?
2
Calculate the remainder when 257 is divided by 54.
41
What is the remainder when 4597 is divided by 107?
103
What is the remainder when 117 is divided by 40?
37
Calculate the remainder when 6623 is divided by 12.
11
What is the remainder when 803 is divided by 221?
140
What is the remainder when 1869 is divided by 26?
23
Calculate the remainder when 1232 is divided by 363.
143
What is the remainder when 2303 is divided by 72?
71
Calculate the remainder when 454 is divided by 116.
106
What is the remainder when 4742 is divided by 88?
78
Calculate the remainder when 1292 is divided by 22.
16
What is the remainder when 9037 is divided by 23?
21
What is the remainder when 14 is divided by 4?
2
Calculate the remainder when 532 is divided by 323.
209
What is the remainder when 450 is divided by 139?
33
What is the remainder when 142 is divided by 30?
22
Calculate the remainder when 6471 is divided by 27.
18
What is the remainder when 457 is divided by 21?
16
What is the remainder when 425 is divided by 73?
60
Calculate the remainder when 803 is divided by 115.
113
Calculate the remainder when 192 is divided by 10.
2
What is the remainder when 356 is divided by 90?
86
Calculate the remainder when 37 is divided by 2.
1
Calculate the remainder when 1027 is divided by 69.
61
What is the remainder when 1064 is divided by 89?
85
Calculate the remainder when 218 is divided by 46.
34
Calculate the remainder when 472 is divided by 125.
97
Calculate the remainder when 2776 is divided by 51.
22
What is the remainder when 894 is divided by 251?
141
What is the remainder when 19 is divided by 13?
6
What is the remainder when 266 is divided by 73?
47
What is the remainder when 142 is divided by 26?
12
Calculate the remainder when 341 is divided by 22.
11
What is the remainder when 11690 is divided by 18?
8
What is the remainder when 141 is divided by 6?
3
What is the remainder when 1656 is divided by 79?
76
Calculate the remainder when 236 is divided by 19.
8
What is the remainder when 784 is divided by 34?
2
What is the remainder when 23439 is divided by 16?
15
Calculate the remainder when 182 is divided by 57.
11
Calculate the remainder when 1266 is divided by 20.
6
What is the remainder when 214 is divided by 214?
0
Calculate the remainder when 2401 is divided by 160.
1
Calculate the remainder when 474 is divided by 93.
9
Calculate the remainder when 204 is divided by 23.
20
Calculate the remainder when 860 is divided by 41.
40
Calculate the remainder when 1750 is divided by 348.
10
What is the remainder when 1853 is divided by 16?
13
What is the remainder when 25 is divided by 20?
5
What is the remainder when 804 is divided by 35?
34
Calculate the remainder when 2000 is divided by 656.
32
What is the remainder when 137 is divided by 36?
29
What is the remainder when 3034 is divided by 23?
21
Calculate the remainder when 164 is divided by 42.
38
Calculate the remainder when 543 is divided by 78.
75
Calculate the remainder when 109 is divided by 28.
25
What is the remainder when 2912 is divided by 239?
44
What is the remainder when 725 is divided by 65?
10
What is the remainder when 1602 is divided by 530?
12
What is the remainder when 145 is divided by 23?
7
What is the remainder when 1600 is divided by 460?
220
Calculate the remainder when 101 is divided by 27.
20
What is the remainder when 59 is divided by 23?
13
What is the remainder when 418 is divided by 35?
33
Calculate the remainder when 2876 is divided by 64.
60
What is the remainder when 4985 is divided by 2485?
15
Calculate the remainder when 457 is divided by 120.
97
What is the remainder when 1743 is divided by 45?
33
Calculate the remainder when 231 is divided by 6.
3
What is the remainder when 1299 is divided by 642?
15
What is the remainder when 70 is divided by 38?
32
What is the remainder when 764 is divided by 9?
8
What is the remainder when 264 is divided by 69?
57
What is the remainder when 250 is divided by 61?
6
Calculate the remainder when 838 is divided by 8.
6
What is the remainder when 892 is